{"id":526,"date":"2024-07-15T07:53:01","date_gmt":"2024-07-15T10:53:01","guid":{"rendered":"https:\/\/centraldosscripts.com.br\/wordpress\/LOJAS\/COD-6696\/?post_type=product&#038;p=526"},"modified":"2024-07-15T07:53:45","modified_gmt":"2024-07-15T10:53:45","slug":"refrigerador-expositor-vertical-229l-preto","status":"publish","type":"product","link":"https:\/\/centraldosscripts.com.br\/wordpress\/LOJAS\/COD-6696\/produto\/refrigerador-expositor-vertical-229l-preto\/","title":{"rendered":"Refrigerador Expositor Vertical 229L Preto"},"content":{"rendered":"<p>Refrigerador compacto e com design sofisticado, ideal para os mais diversos ambientes, proporcionando otimiza\u00e7\u00e3o do espa\u00e7o.<br \/>\nSistema de refrigera\u00e7\u00e3o por ar for\u00e7ado com evaporador de cobre que possibilita uma maior vida \u00fatil do equipamento.<br \/>\nTermostato que oferece ao cliente maior efici\u00eancia e controle simplificado da funcionalidade do equipamento.<\/p>\n<p>Porta de vidros temperados com g\u00e1s arg\u00f4nio e pel\u00edcula de vidro com tecnologia de baixa emissividade Low-e proporcionando maior visibilidade.<br \/>\nSistema de ilumina\u00e7\u00e3o interna de baixo consumo energ\u00e9tico LED, proporcionando vida \u00fatil 6x superior as l\u00e2mpadas comuns e maior luminosidade.<br \/>\nEspuma isolante de ciclopentano ecol\u00f3gico, n\u00e3o cont\u00e9m cfc e hfc e proporciona maior isolamento t\u00e9rmico e n\u00e3o prejudica a camada de oz\u00f4nio.<\/p>\n<p>Compressor de alta efici\u00eancia e baixo consumo de energia.<br \/>\nGrade frontal de alta resist\u00eancia com maior durabilidade, podendo ser reciclada ao final da sua vida \u00fatil.<\/p>\n<p>Especifica\u00e7\u00f5es T\u00e9cnicas:<\/p>\n<p>Termostato de temperatura<br \/>\nPorta de vidro duplo<br \/>\nSistema de ilumina\u00e7\u00e3o led<br \/>\nEspuma isolante de ciclopentano<br \/>\nCompressor de alta efici\u00eancia<br \/>\nGrade frontal de alta resist\u00eancia<br \/>\nVoltagem: 110v ou 220v (n\u00e3o \u00e9 bivolt)<br \/>\nAmperagem: 2,6 A<br \/>\nConsumo de energia: 3,800 Kwh\/24h<br \/>\nVolume comercial bruto: 229,48 Lts<br \/>\nVolume comercial l\u00edquido: 203,90 Lts<br \/>\nPortas: 1<br \/>\nPrateleiras: 3<br \/>\nCapacidade: 240 Latas 350ml<br \/>\n144 Long neck 355ml<br \/>\n100 Garrafas 600ml<br \/>\nFaixa de temperatura: 0 a 7<\/p>\n<p>Dimens\u00f5es Aproximadas:<\/p>\n<p>Altura: 182cm<br \/>\nLargura: 49cm<br \/>\nComprimento: 52cm<br \/>\nPeso: 74KG<\/p>\n<p>Conte\u00fado de Embalagem:<\/p>\n<p>01 Cervejeira<br \/>\n01 Manual<\/p>\n","protected":false},"excerpt":{"rendered":"<p>Refrigerador compacto e com design sofisticado, ideal para os mais diversos ambientes, proporcionando otimiza\u00e7\u00e3o do espa\u00e7o.<br \/>\nSistema de refrigera\u00e7\u00e3o por ar for\u00e7ado com evaporador de cobre que possibilita uma maior vida \u00fatil do equipamento.<br \/>\nTermostato que oferece ao cliente maior efici\u00eancia e controle simplificado da funcionalidade do equipamento.<\/p>\n","protected":false},"featured_media":545,"comment_status":"open","ping_status":"closed","template":"","meta":{"site-sidebar-layout":"default","site-content-layout":"","ast-site-content-layout":"","site-content-style":"default","site-sidebar-style":"default","ast-global-header-display":"","ast-banner-title-visibility":"","ast-main-header-display":"","ast-hfb-above-header-display":"","ast-hfb-below-header-display":"","ast-hfb-mobile-header-display":"","site-post-title":"","ast-breadcrumbs-content":"","ast-featured-img":"","footer-sml-layout":"","theme-transparent-header-meta":"","adv-header-id-meta":"","stick-header-meta":"","header-above-stick-meta":"","header-main-stick-meta":"","header-below-stick-meta":"","astra-migrate-meta-layouts":"default","ast-page-background-enabled":"default","ast-page-background-meta":{"desktop":{"background-color":"var(--ast-global-color-4)","background-image":"","background-repeat":"repeat","background-position":"center center","background-size":"auto","background-attachment":"scroll","background-type":"","background-media":"","overlay-type":"","overlay-color":"","overlay-opacity":"","overlay-gradient":""},"tablet":{"background-color":"","background-image":"","background-repeat":"repeat","background-position":"center center","background-size":"auto","background-attachment":"scroll","background-type":"","background-media":"","overlay-type":"","overlay-color":"","overlay-opacity":"","overlay-gradient":""},"mobile":{"background-color":"","background-image":"","background-repeat":"repeat","background-position":"center center","background-size":"auto","background-attachment":"scroll","background-type":"","background-media":"","overlay-type":"","overlay-color":"","overlay-opacity":"","overlay-gradient":""}},"ast-content-background-meta":{"desktop":{"background-color":"var(--ast-global-color-5)","background-image":"","background-repeat":"repeat","background-position":"center center","background-size":"auto","background-attachment":"scroll","background-type":"","background-media":"","overlay-type":"","overlay-color":"","overlay-opacity":"","overlay-gradient":""},"tablet":{"background-color":"var(--ast-global-color-5)","background-image":"","background-repeat":"repeat","background-position":"center center","background-size":"auto","background-attachment":"scroll","background-type":"","background-media":"","overlay-type":"","overlay-color":"","overlay-opacity":"","overlay-gradient":""},"mobile":{"background-color":"var(--ast-global-color-5)","background-image":"","background-repeat":"repeat","background-position":"center center","background-size":"auto","background-attachment":"scroll","background-type":"","background-media":"","overlay-type":"","overlay-color":"","overlay-opacity":"","overlay-gradient":""}}},"product_brand":[],"product_cat":[61,55],"product_tag":[],"class_list":{"0":"post-526","1":"product","2":"type-product","3":"status-publish","4":"has-post-thumbnail","6":"product_cat-adegas-e-cervejeiras","7":"product_cat-eletrodomesticos","8":"desktop-align-left","9":"tablet-align-left","10":"mobile-align-left","12":"first","13":"instock","14":"shipping-taxable","15":"purchasable","16":"product-type-variable"},"_links":{"self":[{"href":"https:\/\/centraldosscripts.com.br\/wordpress\/LOJAS\/COD-6696\/wp-json\/wp\/v2\/product\/526","targetHints":{"allow":["GET"]}}],"collection":[{"href":"https:\/\/centraldosscripts.com.br\/wordpress\/LOJAS\/COD-6696\/wp-json\/wp\/v2\/product"}],"about":[{"href":"https:\/\/centraldosscripts.com.br\/wordpress\/LOJAS\/COD-6696\/wp-json\/wp\/v2\/types\/product"}],"replies":[{"embeddable":true,"href":"https:\/\/centraldosscripts.com.br\/wordpress\/LOJAS\/COD-6696\/wp-json\/wp\/v2\/comments?post=526"}],"wp:featuredmedia":[{"embeddable":true,"href":"https:\/\/centraldosscripts.com.br\/wordpress\/LOJAS\/COD-6696\/wp-json\/wp\/v2\/media\/545"}],"wp:attachment":[{"href":"https:\/\/centraldosscripts.com.br\/wordpress\/LOJAS\/COD-6696\/wp-json\/wp\/v2\/media?parent=526"}],"wp:term":[{"taxonomy":"product_brand","embeddable":true,"href":"https:\/\/centraldosscripts.com.br\/wordpress\/LOJAS\/COD-6696\/wp-json\/wp\/v2\/product_brand?post=526"},{"taxonomy":"product_cat","embeddable":true,"href":"https:\/\/centraldosscripts.com.br\/wordpress\/LOJAS\/COD-6696\/wp-json\/wp\/v2\/product_cat?post=526"},{"taxonomy":"product_tag","embeddable":true,"href":"https:\/\/centraldosscripts.com.br\/wordpress\/LOJAS\/COD-6696\/wp-json\/wp\/v2\/product_tag?post=526"}],"curies":[{"name":"wp","href":"https:\/\/api.w.org\/{rel}","templated":true}]}}

<p>Refrigerador compacto e com design sofisticado, ideal para os mais diversos ambientes, proporcionando otimização do espaço.<br />
Sistema de refrigeração por ar forçado com evaporador de cobre que possibilita uma maior vida útil do equipamento.<br />
Termostato que oferece ao cliente maior eficiência e controle simplificado da funcionalidade do equipamento.</p>
<p>Porta de vidros temperados com gás argônio e película de vidro com tecnologia de baixa emissividade Low-e proporcionando maior visibilidade.<br />
Sistema de iluminação interna de baixo consumo energético LED, proporcionando vida útil 6x superior as lâmpadas comuns e maior luminosidade.<br />
Espuma isolante de ciclopentano ecológico, não contém cfc e hfc e proporciona maior isolamento térmico e não prejudica a camada de ozônio.</p>
<p>Compressor de alta eficiência e baixo consumo de energia.<br />
Grade frontal de alta resistência com maior durabilidade, podendo ser reciclada ao final da sua vida útil.</p>
<p>Especificações Técnicas:</p>
<p>Termostato de temperatura<br />
Porta de vidro duplo<br />
Sistema de iluminação led<br />
Espuma isolante de ciclopentano<br />
Compressor de alta eficiência<br />
Grade frontal de alta resistência<br />
Voltagem: 110v ou 220v (não é bivolt)<br />
Amperagem: 2,6 A<br />
Consumo de energia: 3,800 Kwh/24h<br />
Volume comercial bruto: 229,48 Lts<br />
Volume comercial líquido: 203,90 Lts<br />
Portas: 1<br />
Prateleiras: 3<br />
Capacidade: 240 Latas 350ml<br />
144 Long neck 355ml<br />
100 Garrafas 600ml<br />
Faixa de temperatura: 0 a 7</p>
<p>Dimensões Aproximadas:</p>
<p>Altura: 182cm<br />
Largura: 49cm<br />
Comprimento: 52cm<br />
Peso: 74KG</p>
<p>Conteúdo de Embalagem:</p>
<p>01 Cervejeira<br />
01 Manual</p>

<p>Refrigerador compacto e com design sofisticado, ideal para os mais diversos ambientes, proporcionando otimização do espaço.<br />
Sistema de refrigeração por ar forçado com evaporador de cobre que possibilita uma maior vida útil do equipamento.<br />
Termostato que oferece ao cliente maior eficiência e controle simplificado da funcionalidade do equipamento.</p>
