{"id":525,"date":"2024-07-15T07:53:00","date_gmt":"2024-07-15T10:53:00","guid":{"rendered":"https:\/\/centraldosscripts.com.br\/wordpress\/LOJAS\/COD-6696\/?post_type=product&#038;p=525"},"modified":"2024-07-15T07:53:12","modified_gmt":"2024-07-15T10:53:12","slug":"bebedouro-de-garrafao-compact-branco-ibbl","status":"publish","type":"product","link":"https:\/\/centraldosscripts.com.br\/wordpress\/LOJAS\/COD-6696\/produto\/bebedouro-de-garrafao-compact-branco-ibbl\/","title":{"rendered":"Bebedouro de Garraf\u00e3o Compact Branco IBBL"},"content":{"rendered":"<p>O Bebedouro Compact FN 2000 \u00e9 do tamanho da sua necessidade. Com design pr\u00e1tico e compacto, esse modelo IBBL ocupa pouco espa\u00e7o e \u00e9 indicado para lugares onde n\u00e3o \u00e9 poss\u00edvel a instala\u00e7\u00e3o de um ponto hidr\u00e1ulico. Conta com nanotecnologia contra a prolifera\u00e7\u00e3o de bact\u00e9rias, baixo consumo de energia e comporta gal\u00f5es de 10 e 20 litros, oferecendo \u00e1gua nas temperaturas natural e gelada.<\/p>\n<p>Caracter\u00edsticas:<br \/>\nPara uso em: Mesa<br \/>\nTermostato regul\u00e1vel: Sim<br \/>\n\u00c1gua gelada: Sim<br \/>\nCompressor: Sim<\/p>\n<p>Caracter\u00edsticas Gerais:<br \/>\n&#8211; \u00c1gua natural e gelada<br \/>\n&#8211; Design Compact<br \/>\n&#8211; Nanotecnologia: prote\u00e7\u00e3o aplicada internamente no reservat\u00f3rio de \u00e1gua, atuando como um escudo que inibe a prolifera\u00e7\u00e3o de bact\u00e9rias<br \/>\n&#8211; Baixo consumo de energia: refrigera\u00e7\u00e3o balanceada &#8211; sistema de refrigera\u00e7\u00e3o atrav\u00e9s de moto-compressor silencioso<br \/>\n&#8211; Pingadeira remov\u00edvel: para esvaziar ou higienizar<br \/>\n&#8211; Seguran\u00e7a e qualidade garantidas pelo Inmetro<br \/>\n&#8211; G\u00e1s R 134a: inofensivo \u00e0 camada de oz\u00f4nio<br \/>\n&#8211; Gabinete em pl\u00e1stico injetado, totalmente desmont\u00e1vel: f\u00e1cil reposi\u00e7\u00e3o e baixo custo<br \/>\n&#8211; Reservat\u00f3rio de \u00e1gua com serpentina externa: facilita a higieniza\u00e7\u00e3o e n\u00e3o altera as propriedades da \u00e1gua<br \/>\n&#8211; Torneiras de grande vaz\u00e3o, totalmente desmont\u00e1veis: agilizam o uso e facilitam a manuten\u00e7\u00e3o<br \/>\n&#8211; Termostato regul\u00e1vel fixado na lateral do equipamento<br \/>\n&#8211; Acomoda Garraf\u00e3o de 10 e 20 litros<br \/>\n&#8211; Volume Interno do Aparelho: 2 litros<br \/>\n&#8211; Capacidade de Fornecimento de \u00c1gua Gelada: 1,32 L\/h<br \/>\n&#8211; Temperatura de Resfriamento: 10\u00b0C<\/p>\n<p>Especifica\u00e7\u00f5es T\u00e9cnicas:<br \/>\nCapacidade de refrigera\u00e7\u00e3o: 1,32 litros<br \/>\nCapacidade do reservat\u00f3rio: Garraf\u00f5es de 10 e 20 litros<br \/>\nCor: branco<br \/>\nAcompanha gal\u00e3o: n\u00e3o<br \/>\nPot\u00eancia (W): 90 W<br \/>\nConsumo de energia (kW\/h): 13 kWh\/m\u00eas<br \/>\nTens\u00e3o\/Voltagem: 110V<\/p>\n<p>Conte\u00fado da Embalagem:<br \/>\n&#8211; 1 Bebedouro IBBL Compact para Garraf\u00e3o de 10L e 20l &#8211; Branco.<\/p>\n<p>Dimens\u00f5es e Peso: Altura: 41cm Largura: 32cm Comprimento: 34cm Peso: 10kg<\/p>\n","protected":false},"excerpt":{"rendered":"<p>O Bebedouro Compact FN 2000 \u00e9 do tamanho da sua necessidade. Com design pr\u00e1tico e compacto, esse modelo IBBL ocupa pouco espa\u00e7o e \u00e9 indicado para lugares onde n\u00e3o \u00e9 poss\u00edvel a instala\u00e7\u00e3o de um ponto hidr\u00e1ulico. Conta com nanotecnologia contra a prolifera\u00e7\u00e3o de bact\u00e9rias, baixo consumo de energia e comporta gal\u00f5es de 10 e 20 litros, oferecendo \u00e1gua nas temperaturas natural e gelada.<\/p>\n","protected":false},"featured_media":543,"comment_status":"open","ping_status":"closed","template":"","meta":{"site-sidebar-layout":"default","site-content-layout":"","ast-site-content-layout":"","site-content-style":"default","site-sidebar-style":"default","ast-global-header-display":"","ast-banner-title-visibility":"","ast-main-header-display":"","ast-hfb-above-header-display":"","ast-hfb-below-header-display":"","ast-hfb-mobile-header-display":"","site-post-title":"","ast-breadcrumbs-content":"","ast-featured-img":"","footer-sml-layout":"","theme-transparent-header-meta":"","adv-header-id-meta":"","stick-header-meta":"","header-above-stick-meta":"","header-main-stick-meta":"","header-below-stick-meta":"","astra-migrate-meta-layouts":"default","ast-page-background-enabled":"default","ast-page-background-meta":{"desktop":{"background-color":"var(--ast-global-color-4)","background-image":"","background-repeat":"repeat","background-position":"center center","background-size":"auto","background-attachment":"scroll","background-type":"","background-media":"","overlay-type":"","overlay-color":"","overlay-opacity":"","overlay-gradient":""},"tablet":{"background-color":"","background-image":"","background-repeat":"repeat","background-position":"center center","background-size":"auto","background-attachment":"scroll","background-type":"","background-media":"","overlay-type":"","overlay-color":"","overlay-opacity":"","overlay-gradient":""},"mobile":{"background-color":"","background-image":"","background-repeat":"repeat","background-position":"center center","background-size":"auto","background-attachment":"scroll","background-type":"","background-media":"","overlay-type":"","overlay-color":"","overlay-opacity":"","overlay-gradient":""}},"ast-content-background-meta":{"desktop":{"background-color":"var(--ast-global-color-5)","background-image":"","background-repeat":"repeat","background-position":"center center","background-size":"auto","background-attachment":"scroll","background-type":"","background-media":"","overlay-type":"","overlay-color":"","overlay-opacity":"","overlay-gradient":""},"tablet":{"background-color":"var(--ast-global-color-5)","background-image":"","background-repeat":"repeat","background-position":"center center","background-size":"auto","background-attachment":"scroll","background-type":"","background-media":"","overlay-type":"","overlay-color":"","overlay-opacity":"","overlay-gradient":""},"mobile":{"background-color":"var(--ast-global-color-5)","background-image":"","background-repeat":"repeat","background-position":"center center","background-size":"auto","background-attachment":"scroll","background-type":"","background-media":"","overlay-type":"","overlay-color":"","overlay-opacity":"","overlay-gradient":""}}},"product_brand":[],"product_cat":[59,58,55,60],"product_tag":[],"class_list":{"0":"post-525","1":"product","2":"type-product","3":"status-publish","4":"has-post-thumbnail","6":"product_cat-bebedouro","7":"product_cat-bebedouro-e-purificador","8":"product_cat-eletrodomesticos","9":"product_cat-ofertas-da-semana","10":"desktop-align-left","11":"tablet-align-left","12":"mobile-align-left","14":"first","15":"instock","16":"sale","17":"shipping-taxable","18":"purchasable","19":"product-type-simple"},"_links":{"self":[{"href":"https:\/\/centraldosscripts.com.br\/wordpress\/LOJAS\/COD-6696\/wp-json\/wp\/v2\/product\/525","targetHints":{"allow":["GET"]}}],"collection":[{"href":"https:\/\/centraldosscripts.com.br\/wordpress\/LOJAS\/COD-6696\/wp-json\/wp\/v2\/product"}],"about":[{"href":"https:\/\/centraldosscripts.com.br\/wordpress\/LOJAS\/COD-6696\/wp-json\/wp\/v2\/types\/product"}],"replies":[{"embeddable":true,"href":"https:\/\/centraldosscripts.com.br\/wordpress\/LOJAS\/COD-6696\/wp-json\/wp\/v2\/comments?post=525"}],"wp:featuredmedia":[{"embeddable":true,"href":"https:\/\/centraldosscripts.com.br\/wordpress\/LOJAS\/COD-6696\/wp-json\/wp\/v2\/media\/543"}],"wp:attachment":[{"href":"https:\/\/centraldosscripts.com.br\/wordpress\/LOJAS\/COD-6696\/wp-json\/wp\/v2\/media?parent=525"}],"wp:term":[{"taxonomy":"product_brand","embeddable":true,"href":"https:\/\/centraldosscripts.com.br\/wordpress\/LOJAS\/COD-6696\/wp-json\/wp\/v2\/product_brand?post=525"},{"taxonomy":"product_cat","embeddable":true,"href":"https:\/\/centraldosscripts.com.br\/wordpress\/LOJAS\/COD-6696\/wp-json\/wp\/v2\/product_cat?post=525"},{"taxonomy":"product_tag","embeddable":true,"href":"https:\/\/centraldosscripts.com.br\/wordpress\/LOJAS\/COD-6696\/wp-json\/wp\/v2\/product_tag?post=525"}],"curies":[{"name":"wp","href":"https:\/\/api.w.org\/{rel}","templated":true}]}}