{"id":524,"date":"2024-07-15T07:53:00","date_gmt":"2024-07-15T10:53:00","guid":{"rendered":"https:\/\/centraldosscripts.com.br\/wordpress\/LOJAS\/COD-6696\/?post_type=product&#038;p=524"},"modified":"2024-07-15T07:53:06","modified_gmt":"2024-07-15T10:53:06","slug":"depurador-tramontina-aco-inox-compact-60-cm-220-volts","status":"publish","type":"product","link":"https:\/\/centraldosscripts.com.br\/wordpress\/LOJAS\/COD-6696\/produto\/depurador-tramontina-aco-inox-compact-60-cm-220-volts\/","title":{"rendered":"Depurador Tramontina A\u00e7o Inox Compact 60 Cm -220 Volts"},"content":{"rendered":"<p>Fabricado todo em a\u00e7o inox o depurador Compact 60 tem design moderno com total equil\u00edbrio nas suas formas. Excelente op\u00e7\u00e3o para sua cozinha com uma \u00f3tima tecnologia para deixar o ambiente mais limpo e livre de gorduras!<\/p>\n<p>Uso dom\u00e9stico:<\/p>\n<p>Funcionamento: O depurador pode ser instalado no modo exaustor (sem manta de carv\u00e3o ativado e com fura\u00e7\u00e3o na parede\/teto para sa\u00edda do ar) ou depurador (com manta de carv\u00e3o ativado e sem fura\u00e7\u00e3o na parede\/teto para sa\u00edda do ar). Instalado em cozinhas de at\u00e9 5m2, com a suc\u00e7\u00e3o de 160m3\/h, em uma hora \u00e9 poss\u00edvel renovar o ar do ambiente 12 vezes.<br \/>\nO ru\u00eddo m\u00e1ximo de 65dB (velocidade 3) pode ser comparado \u00e0 uma conversa em grupo.<br \/>\nSeguran\u00e7a: Produto testado na linha de montagem pelos inspetores de qualidade da Tramontina. O motor do depurador possui um dispositivo que o desliga automaticamente em caso de superaquecimento.<br \/>\nEst\u00e9tica: Fabricado em a\u00e7o inox com vidro defletor, recomenda-se o uso acima de fog\u00f5es de at\u00e9 60cm.<br \/>\nProduto certificado cfe. OCP-0029, UL, Seguran\u00e7a compuls\u00f3rio, Inmetro.<\/p>\n<p>Especifica\u00e7\u00f5es T\u00e9cnicas:<\/p>\n<p>&#8211; Frequ\u00eancia: 60 Hz.<br \/>\n&#8211; N\u00edvel de ru\u00eddo: 65 db(A) &#8211; cfe. Norma IEC 60704.<br \/>\n&#8211; Vaz\u00e3o: 160 m\u00b3\/h &#8211; cfe. Norma IEC 61591.<br \/>\n&#8211; Ilumina\u00e7\u00e3o: 1 l\u00e2mpada incandescente (1 x 40W).<br \/>\n&#8211; Pot\u00eancia El\u00e9trica: 145W<br \/>\n&#8211; Filtro de alum\u00ednio: 2<br \/>\n&#8211; Manta de carv\u00e3o ativado: 1<\/p>\n<p>Recomenda\u00e7\u00f5es de Uso:<\/p>\n<p>&#8211; Recomenda-se que a instala\u00e7\u00e3o do depurador seja feita pela Rede de Servi\u00e7o Autorizado Tramontina.<br \/>\n&#8211; Instala\u00e7\u00e3o por conta do consumidor.<br \/>\n&#8211; A altura entre o cooktop e o depurador deve ser de no m\u00ednimo 650 mm e no m\u00e1ximo 750 mm.<br \/>\n&#8211; Acompanha gabarito para auxiliar na instala\u00e7\u00e3o.<br \/>\n&#8211; O filtro met\u00e1lico dever\u00e1 ser lavado pelo menos uma vez por semana, quando em condi\u00e7\u00f5es normais de uso, ou conforme necessidade.<br \/>\n&#8211; Os filtros de carv\u00e3o ativado que acompanham o depurador devem ser substitu\u00eddos pelo menos a cada quatro meses, ou em per\u00edodos mais frequentes dependendo do uso.<\/p>\n<p>&nbsp;<\/p>\n<p>Dimens\u00f5es Aproximadas:<\/p>\n<p>Peso 5,50 kg<br \/>\nComprimento 600 mm<br \/>\nLargura 500 mm<br \/>\nAltura 135 mm.<\/p>\n<p>Conte\u00fado de embalagem:<\/p>\n<p>01 Depurador Tramontina A\u00e7o Inox Compact 60 Cm &#8211; 94810220<\/p>\n<p>Garantia:<\/p>\n<p>90 Dias (3 Meses)<\/p>\n","protected":false},"excerpt":{"rendered":"<p>Fabricado todo em a\u00e7o inox o depurador Compact 60 tem design moderno com total equil\u00edbrio nas suas formas. Excelente op\u00e7\u00e3o para sua cozinha com uma \u00f3tima tecnologia para deixar o ambiente mais limpo e livre de gorduras!<\/p>\n","protected":false},"featured_media":542,"comment_status":"open","ping_status":"closed","template":"","meta":{"site-sidebar-layout":"default","site-content-layout":"","ast-site-content-layout":"","site-content-style":"default","site-sidebar-style":"default","ast-global-header-display":"","ast-banner-title-visibility":"","ast-main-header-display":"","ast-hfb-above-header-display":"","ast-hfb-below-header-display":"","ast-hfb-mobile-header-display":"","site-post-title":"","ast-breadcrumbs-content":"","ast-featured-img":"","footer-sml-layout":"","theme-transparent-header-meta":"","adv-header-id-meta":"","stick-header-meta":"","header-above-stick-meta":"","header-main-stick-meta":"","header-below-stick-meta":"","astra-migrate-meta-layouts":"default","ast-page-background-enabled":"default","ast-page-background-meta":{"desktop":{"background-color":"var(--ast-global-color-4)","background-image":"","background-repeat":"repeat","background-position":"center center","background-size":"auto","background-attachment":"scroll","background-type":"","background-media":"","overlay-type":"","overlay-color":"","overlay-opacity":"","overlay-gradient":""},"tablet":{"background-color":"","background-image":"","background-repeat":"repeat","background-position":"center center","background-size":"auto","background-attachment":"scroll","background-type":"","background-media":"","overlay-type":"","overlay-color":"","overlay-opacity":"","overlay-gradient":""},"mobile":{"background-color":"","background-image":"","background-repeat":"repeat","background-position":"center center","background-size":"auto","background-attachment":"scroll","background-type":"","background-media":"","overlay-type":"","overlay-color":"","overlay-opacity":"","overlay-gradient":""}},"ast-content-background-meta":{"desktop":{"background-color":"var(--ast-global-color-5)","background-image":"","background-repeat":"repeat","background-position":"center center","background-size":"auto","background-attachment":"scroll","background-type":"","background-media":"","overlay-type":"","overlay-color":"","overlay-opacity":"","overlay-gradient":""},"tablet":{"background-color":"var(--ast-global-color-5)","background-image":"","background-repeat":"repeat","background-position":"center center","background-size":"auto","background-attachment":"scroll","background-type":"","background-media":"","overlay-type":"","overlay-color":"","overlay-opacity":"","overlay-gradient":""},"mobile":{"background-color":"var(--ast-global-color-5)","background-image":"","background-repeat":"repeat","background-position":"center center","background-size":"auto","background-attachment":"scroll","background-type":"","background-media":"","overlay-type":"","overlay-color":"","overlay-opacity":"","overlay-gradient":""}}},"product_brand":[],"product_cat":[56,55,57],"product_tag":[],"class_list":{"0":"post-524","1":"product","2":"type-product","3":"status-publish","4":"has-post-thumbnail","6":"product_cat-coifa-e-depurador","7":"product_cat-eletrodomesticos","8":"product_cat-parede","9":"desktop-align-left","10":"tablet-align-left","11":"mobile-align-left","13":"first","14":"instock","15":"sale","16":"shipping-taxable","17":"purchasable","18":"product-type-simple"},"_links":{"self":[{"href":"https:\/\/centraldosscripts.com.br\/wordpress\/LOJAS\/COD-6696\/wp-json\/wp\/v2\/product\/524","targetHints":{"allow":["GET"]}}],"collection":[{"href":"https:\/\/centraldosscripts.com.br\/wordpress\/LOJAS\/COD-6696\/wp-json\/wp\/v2\/product"}],"about":[{"href":"https:\/\/centraldosscripts.com.br\/wordpress\/LOJAS\/COD-6696\/wp-json\/wp\/v2\/types\/product"}],"replies":[{"embeddable":true,"href":"https:\/\/centraldosscripts.com.br\/wordpress\/LOJAS\/COD-6696\/wp-json\/wp\/v2\/comments?post=524"}],"wp:featuredmedia":[{"embeddable":true,"href":"https:\/\/centraldosscripts.com.br\/wordpress\/LOJAS\/COD-6696\/wp-json\/wp\/v2\/media\/542"}],"wp:attachment":[{"href":"https:\/\/centraldosscripts.com.br\/wordpress\/LOJAS\/COD-6696\/wp-json\/wp\/v2\/media?parent=524"}],"wp:term":[{"taxonomy":"product_brand","embeddable":true,"href":"https:\/\/centraldosscripts.com.br\/wordpress\/LOJAS\/COD-6696\/wp-json\/wp\/v2\/product_brand?post=524"},{"taxonomy":"product_cat","embeddable":true,"href":"https:\/\/centraldosscripts.com.br\/wordpress\/LOJAS\/COD-6696\/wp-json\/wp\/v2\/product_cat?post=524"},{"taxonomy":"product_tag","embeddable":true,"href":"https:\/\/centraldosscripts.com.br\/wordpress\/LOJAS\/COD-6696\/wp-json\/wp\/v2\/product_tag?post=524"}],"curies":[{"name":"wp","href":"https:\/\/api.w.org\/{rel}","templated":true}]}}