{"id":3835,"date":"2020-10-22T06:02:35","date_gmt":"2020-10-22T06:02:35","guid":{"rendered":"https:\/\/clientesradios.tk\/?page_id=3835"},"modified":"2022-10-09T09:49:07","modified_gmt":"2022-10-09T12:49:07","slug":"equipe","status":"publish","type":"page","link":"https:\/\/centraldosscripts.com.br\/wordpress\/AGENCIAS\/COD-TT-4799\/equipe\/","title":{"rendered":"Equipe"},"content":{"rendered":"\t\t<div data-elementor-type=\"wp-page\" data-elementor-id=\"3835\" class=\"elementor elementor-3835\">\n\t\t\t\t\t\t\t\t\t<section class=\"elementor-section elementor-top-section elementor-element elementor-element-c37afc6 elementor-section-boxed elementor-section-height-default elementor-section-height-default\" data-id=\"c37afc6\" data-element_type=\"section\">\n\t\t\t\t\t\t<div class=\"elementor-container elementor-column-gap-default\">\n\t\t\t\t\t<div class=\"elementor-column elementor-col-100 elementor-top-column elementor-element elementor-element-5782caa\" data-id=\"5782caa\" data-element_type=\"column\">\n\t\t\t<div class=\"elementor-widget-wrap elementor-element-populated\">\n\t\t\t\t\t\t\t\t<section class=\"elementor-section elementor-inner-section elementor-element elementor-element-af7e542 elementor-section-boxed elementor-section-height-default elementor-section-height-default\" data-id=\"af7e542\" data-element_type=\"section\">\n\t\t\t\t\t\t<div class=\"elementor-container elementor-column-gap-default\">\n\t\t\t\t\t<div class=\"elementor-column elementor-col-33 elementor-inner-column elementor-element elementor-element-28e01cd\" data-id=\"28e01cd\" data-element_type=\"column\">\n\t\t\t<div class=\"elementor-widget-wrap elementor-element-populated\">\n\t\t\t\t\t\t\t\t<div class=\"elementor-element elementor-element-a1daec4 elementor-invisible elementor-widget elementor-widget-heading\" data-id=\"a1daec4\" data-element_type=\"widget\" data-settings=\"{&quot;_animation&quot;:&quot;fadeInUp&quot;,&quot;_animation_delay&quot;:200}\" data-widget_type=\"heading.default\">\n\t\t\t\t<div class=\"elementor-widget-container\">\n\t\t\t<style>\/*! elementor - v3.11.2 - 22-02-2023 *\/\n.elementor-heading-title{padding:0;margin:0;line-height:1}.elementor-widget-heading .elementor-heading-title[class*=elementor-size-]>a{color:inherit;font-size:inherit;line-height:inherit}.elementor-widget-heading .elementor-heading-title.elementor-size-small{font-size:15px}.elementor-widget-heading .elementor-heading-title.elementor-size-medium{font-size:19px}.elementor-widget-heading .elementor-heading-title.elementor-size-large{font-size:29px}.elementor-widget-heading .elementor-heading-title.elementor-size-xl{font-size:39px}.elementor-widget-heading .elementor-heading-title.elementor-size-xxl{font-size:59px}<\/style><h6 class=\"elementor-heading-title elementor-size-default\">Quem n\u00f3s somos<\/h6>\t\t<\/div>\n\t\t\t\t<\/div>\n\t\t\t\t<div class=\"elementor-element elementor-element-ffd8f4e elementor-invisible elementor-widget elementor-widget-heading\" data-id=\"ffd8f4e\" data-element_type=\"widget\" data-settings=\"{&quot;_animation&quot;:&quot;fadeInUp&quot;,&quot;_animation_delay&quot;:400}\" data-widget_type=\"heading.default\">\n\t\t\t\t<div class=\"elementor-widget-container\">\n\t\t\t<h3 class=\"elementor-heading-title elementor-size-default\">Adoramos o que fazemos e adoramos ajudar os outros a ter sucesso<\/h3>\t\t<\/div>\n\t\t\t\t<\/div>\n\t\t\t\t<div class=\"elementor-element elementor-element-f7b0695 elementor-invisible elementor-widget elementor-widget-text-editor\" data-id=\"f7b0695\" data-element_type=\"widget\" data-settings=\"{&quot;_animation&quot;:&quot;fadeInUp&quot;,&quot;_animation_delay&quot;:600}\" data-widget_type=\"text-editor.default\">\n\t\t\t\t<div class=\"elementor-widget-container\">\n\t\t\t<style>\/*! elementor - v3.11.2 - 22-02-2023 *\/\n.elementor-widget-text-editor.elementor-drop-cap-view-stacked .elementor-drop-cap{background-color:#818a91;color:#fff}.elementor-widget-text-editor.elementor-drop-cap-view-framed .elementor-drop-cap{color:#818a91;border:3px solid;background-color:transparent}.elementor-widget-text-editor:not(.elementor-drop-cap-view-default) .elementor-drop-cap{margin-top:8px}.elementor-widget-text-editor:not(.elementor-drop-cap-view-default) .elementor-drop-cap-letter{width:1em;height:1em}.elementor-widget-text-editor .elementor-drop-cap{float:left;text-align:center;line-height:1;font-size:50px}.elementor-widget-text-editor .elementor-drop-cap-letter{display:inline-block}<\/style>\t\t\t\t<p>Vivemos a Era Digital, na qual a transforma\u00e7\u00e3o \u00e9 uma constante e a tecnologia \u00e9 extremamente necess\u00e1ria. Ser refer\u00eancia em <strong>servi\u00e7os e consultoria de TI<\/strong><\/p>\t\t\t\t\t\t<\/div>\n\t\t\t\t<\/div>\n\t\t\t\t<div class=\"elementor-element elementor-element-a7b2675 elementor-position-left radiantthemes-retina rt-wave-video-icon rt-video-txt elementor-vertical-align-top elementor-invisible elementor-widget elementor-widget-image-box\" data-id=\"a7b2675\" data-element_type=\"widget\" data-settings=\"{&quot;_animation&quot;:&quot;zoomIn&quot;,&quot;_animation_delay&quot;:800}\" data-widget_type=\"image-box.default\">\n\t\t\t\t<div class=\"elementor-widget-container\">\n\t\t\t<style>\/*! elementor - v3.11.2 - 22-02-2023 *\/\n.elementor-widget-image-box .elementor-image-box-content{width:100%}@media (min-width:768px){.elementor-widget-image-box.elementor-position-left .elementor-image-box-wrapper,.elementor-widget-image-box.elementor-position-right .elementor-image-box-wrapper{display:flex}.elementor-widget-image-box.elementor-position-right .elementor-image-box-wrapper{text-align:right;flex-direction:row-reverse}.elementor-widget-image-box.elementor-position-left .elementor-image-box-wrapper{text-align:left;flex-direction:row}.elementor-widget-image-box.elementor-position-top .elementor-image-box-img{margin:auto}.elementor-widget-image-box.elementor-vertical-align-top .elementor-image-box-wrapper{align-items:flex-start}.elementor-widget-image-box.elementor-vertical-align-middle .elementor-image-box-wrapper{align-items:center}.elementor-widget-image-box.elementor-vertical-align-bottom .elementor-image-box-wrapper{align-items:flex-end}}@media (max-width:767px){.elementor-widget-image-box .elementor-image-box-img{margin-left:auto!important;margin-right:auto!important;margin-bottom:15px}}.elementor-widget-image-box .elementor-image-box-img{display:inline-block}.elementor-widget-image-box .elementor-image-box-title a{color:inherit}.elementor-widget-image-box .elementor-image-box-wrapper{text-align:center}.elementor-widget-image-box .elementor-image-box-description{margin:0}<\/style><div class=\"elementor-image-box-wrapper\"><figure class=\"elementor-image-box-img\"><a href=\"https:\/\/www.youtube.com\/watch?v=2tq88DUCCHg&#038;t=17s\" target=\"_blank\"><img loading=\"lazy\" decoding=\"async\" width=\"120\" height=\"120\" src=\"https:\/\/centraldosscripts.com.br\/wordpress\/AGENCIAS\/COD-TT-4799\/wp-content\/uploads\/2020\/11\/video.png\" class=\"attachment-full size-full wp-image-5083\" alt=\"video\" srcset=\"https:\/\/centraldosscripts.com.br\/wordpress\/AGENCIAS\/COD-TT-4799\/wp-content\/uploads\/2020\/11\/video.png 120w, https:\/\/centraldosscripts.com.br\/wordpress\/AGENCIAS\/COD-TT-4799\/wp-content\/uploads\/2020\/11\/video-100x100.png 100w\" sizes=\"auto, (max-width: 120px) 100vw, 120px\" \/><\/a><\/figure><div class=\"elementor-image-box-content\"><p class=\"elementor-image-box-title\"><a href=\"https:\/\/www.youtube.com\/watch?v=2tq88DUCCHg&#038;t=17s\" target=\"_blank\">Nossa apresenta\u00e7\u00e3o<\/a><\/p><\/div><\/div>\t\t<\/div>\n\t\t\t\t<\/div>\n\t\t\t\t\t<\/div>\n\t\t<\/div>\n\t\t\t\t<div class=\"elementor-column elementor-col-33 elementor-inner-column elementor-element elementor-element-a00fc3e\" data-id=\"a00fc3e\" data-element_type=\"column\">\n\t\t\t<div class=\"elementor-widget-wrap\">\n\t\t\t\t\t\t\t\t\t<\/div>\n\t\t<\/div>\n\t\t\t\t<div class=\"elementor-column elementor-col-33 elementor-inner-column elementor-element elementor-element-248f564\" data-id=\"248f564\" data-element_type=\"column\">\n\t\t\t<div class=\"elementor-widget-wrap elementor-element-populated\">\n\t\t\t\t\t\t\t\t<div class=\"elementor-element elementor-element-6212483 elementor-invisible elementor-widget elementor-widget-image\" data-id=\"6212483\" data-element_type=\"widget\" data-settings=\"{&quot;_animation&quot;:&quot;fadeInRight&quot;,&quot;_animation_delay&quot;:300}\" data-widget_type=\"image.default\">\n\t\t\t\t<div class=\"elementor-widget-container\">\n\t\t\t<style>\/*! elementor - v3.11.2 - 22-02-2023 *\/\n.elementor-widget-image{text-align:center}.elementor-widget-image a{display:inline-block}.elementor-widget-image a img[src$=\".svg\"]{width:48px}.elementor-widget-image img{vertical-align:middle;display:inline-block}<\/style>\t\t\t\t\t\t\t\t\t\t\t\t<img loading=\"lazy\" decoding=\"async\" width=\"716\" height=\"493\" src=\"https:\/\/centraldosscripts.com.br\/wordpress\/AGENCIAS\/COD-TT-4799\/wp-content\/uploads\/2020\/10\/Team07.png\" class=\"attachment-full size-full wp-image-3933\" alt=\"Team07\" srcset=\"https:\/\/centraldosscripts.com.br\/wordpress\/AGENCIAS\/COD-TT-4799\/wp-content\/uploads\/2020\/10\/Team07.png 716w, https:\/\/centraldosscripts.com.br\/wordpress\/AGENCIAS\/COD-TT-4799\/wp-content\/uploads\/2020\/10\/Team07-300x207.png 300w, https:\/\/centraldosscripts.com.br\/wordpress\/AGENCIAS\/COD-TT-4799\/wp-content\/uploads\/2020\/10\/Team07-600x413.png 600w\" sizes=\"auto, (max-width: 716px) 100vw, 716px\" \/>\t\t\t\t\t\t\t\t\t\t\t\t\t\t\t<\/div>\n\t\t\t\t<\/div>\n\t\t\t\t\t<\/div>\n\t\t<\/div>\n\t\t\t\t\t\t\t<\/div>\n\t\t<\/section>\n\t\t\t\t\t<\/div>\n\t\t<\/div>\n\t\t\t\t\t\t\t<\/div>\n\t\t<\/section>\n\t\t\t\t<section class=\"elementor-section elementor-top-section elementor-element elementor-element-3a85eab elementor-section-boxed elementor-section-height-default elementor-section-height-default\" data-id=\"3a85eab\" data-element_type=\"section\" data-settings=\"{&quot;background_background&quot;:&quot;classic&quot;}\">\n\t\t\t\t\t\t<div class=\"elementor-container elementor-column-gap-default\">\n\t\t\t\t\t<div class=\"elementor-column elementor-col-100 elementor-top-column elementor-element elementor-element-eaafd68\" data-id=\"eaafd68\" data-element_type=\"column\">\n\t\t\t<div class=\"elementor-widget-wrap elementor-element-populated\">\n\t\t\t\t\t\t\t\t<div class=\"elementor-element elementor-element-ce55967 elementor-invisible elementor-widget elementor-widget-radiant-client\" data-id=\"ce55967\" data-element_type=\"widget\" data-settings=\"{&quot;_animation&quot;:&quot;fadeInUp&quot;,&quot;_animation_delay&quot;:200}\" data-widget_type=\"radiant-client.default\">\n\t\t\t\t<div class=\"elementor-widget-container\">\n\t\t\t<div class=\"clients swiper-container element-three\" data-mobile-items=\"1\" data-tab-items=\"3\" data-desktop-items=\"5\" data-spacer=\"100\"> <div class=\"swiper-wrapper\"><div class=\"clients-item swiper-slide\"><div class=\"holder matchHeight\"><div class=\"table\"><div class=\"table-cell\"><div class=\"pic radiantthemes-retina matchHeight\"><img loading=\"lazy\" decoding=\"async\" width=\"247\" height=\"117\" src=\"https:\/\/centraldosscripts.com.br\/wordpress\/AGENCIAS\/COD-TT-4799\/wp-content\/uploads\/2020\/09\/logo05.png\" class=\"client-cover-img wp-post-image\" alt=\"logo1\" \/><img loading=\"lazy\" decoding=\"async\" width=\"247\" height=\"117\" src=\"https:\/\/centraldosscripts.com.br\/wordpress\/AGENCIAS\/COD-TT-4799\/wp-content\/uploads\/2020\/09\/logo05_Black.png\" class=\"client-alt-img\" alt=\"logo1\" \/><\/div><\/div><\/div><\/div><\/div><div class=\"clients-item swiper-slide\"><div class=\"holder matchHeight\"><div class=\"table\"><div class=\"table-cell\"><div class=\"pic radiantthemes-retina matchHeight\"><img loading=\"lazy\" decoding=\"async\" width=\"247\" height=\"117\" src=\"https:\/\/centraldosscripts.com.br\/wordpress\/AGENCIAS\/COD-TT-4799\/wp-content\/uploads\/2020\/09\/logo04.png\" class=\"client-cover-img wp-post-image\" alt=\"logo2\" \/><img loading=\"lazy\" decoding=\"async\" width=\"247\" height=\"117\" src=\"https:\/\/centraldosscripts.com.br\/wordpress\/AGENCIAS\/COD-TT-4799\/wp-content\/uploads\/2020\/09\/logo04_Black.png\" class=\"client-alt-img\" alt=\"logo2\" \/><\/div><\/div><\/div><\/div><\/div><div class=\"clients-item swiper-slide\"><div class=\"holder matchHeight\"><div class=\"table\"><div class=\"table-cell\"><div class=\"pic radiantthemes-retina matchHeight\"><img loading=\"lazy\" decoding=\"async\" width=\"247\" height=\"117\" src=\"https:\/\/centraldosscripts.com.br\/wordpress\/AGENCIAS\/COD-TT-4799\/wp-content\/uploads\/2020\/09\/logo03-1.png\" class=\"client-cover-img wp-post-image\" alt=\"logo3\" \/><img loading=\"lazy\" decoding=\"async\" width=\"247\" height=\"117\" src=\"https:\/\/centraldosscripts.com.br\/wordpress\/AGENCIAS\/COD-TT-4799\/wp-content\/uploads\/2020\/09\/logo03_Black.png\" class=\"client-alt-img\" alt=\"logo3\" \/><\/div><\/div><\/div><\/div><\/div><div class=\"clients-item swiper-slide\"><div class=\"holder matchHeight\"><div class=\"table\"><div class=\"table-cell\"><div class=\"pic radiantthemes-retina matchHeight\"><img loading=\"lazy\" decoding=\"async\" width=\"247\" height=\"117\" src=\"https:\/\/centraldosscripts.com.br\/wordpress\/AGENCIAS\/COD-TT-4799\/wp-content\/uploads\/2020\/09\/logo02.png\" class=\"client-cover-img wp-post-image\" alt=\"logo4\" \/><img loading=\"lazy\" decoding=\"async\" width=\"247\" height=\"117\" src=\"https:\/\/centraldosscripts.com.br\/wordpress\/AGENCIAS\/COD-TT-4799\/wp-content\/uploads\/2020\/09\/logo02_Black.png\" class=\"client-alt-img\" alt=\"logo4\" \/><\/div><\/div><\/div><\/div><\/div><div class=\"clients-item swiper-slide\"><div class=\"holder matchHeight\"><div class=\"table\"><div class=\"table-cell\"><div class=\"pic radiantthemes-retina matchHeight\"><img loading=\"lazy\" decoding=\"async\" width=\"247\" height=\"117\" src=\"https:\/\/centraldosscripts.com.br\/wordpress\/AGENCIAS\/COD-TT-4799\/wp-content\/uploads\/2020\/09\/logo01.png\" class=\"client-cover-img wp-post-image\" alt=\"logo5\" \/><img loading=\"lazy\" decoding=\"async\" width=\"247\" height=\"117\" src=\"https:\/\/centraldosscripts.com.br\/wordpress\/AGENCIAS\/COD-TT-4799\/wp-content\/uploads\/2020\/09\/logo01_black.png\" class=\"client-alt-img\" alt=\"logo5\" \/><\/div><\/div><\/div><\/div><\/div><div class=\"clients-item swiper-slide\"><div class=\"holder matchHeight\"><div class=\"table\"><div class=\"table-cell\"><div class=\"pic radiantthemes-retina matchHeight\"><img loading=\"lazy\" decoding=\"async\" width=\"247\" height=\"117\" src=\"https:\/\/centraldosscripts.com.br\/wordpress\/AGENCIAS\/COD-TT-4799\/wp-content\/uploads\/2020\/09\/logo01_black.png\" class=\"client-cover-img wp-post-image\" alt=\"logo5\" \/><img loading=\"lazy\" decoding=\"async\" width=\"247\" height=\"117\" src=\"https:\/\/centraldosscripts.com.br\/wordpress\/AGENCIAS\/COD-TT-4799\/wp-content\/uploads\/2020\/09\/logo01.png\" class=\"client-alt-img\" alt=\"logo5\" \/><\/div><\/div><\/div><\/div><\/div><div class=\"clients-item swiper-slide\"><div class=\"holder matchHeight\"><div class=\"table\"><div class=\"table-cell\"><div class=\"pic radiantthemes-retina matchHeight\"><img loading=\"lazy\" decoding=\"async\" width=\"247\" height=\"117\" src=\"https:\/\/centraldosscripts.com.br\/wordpress\/AGENCIAS\/COD-TT-4799\/wp-content\/uploads\/2020\/09\/logo02_Black.png\" class=\"client-cover-img wp-post-image\" alt=\"logo4\" \/><img loading=\"lazy\" decoding=\"async\" width=\"247\" height=\"117\" src=\"https:\/\/centraldosscripts.com.br\/wordpress\/AGENCIAS\/COD-TT-4799\/wp-content\/uploads\/2020\/09\/logo02.png\" class=\"client-alt-img\" alt=\"logo4\" \/><\/div><\/div><\/div><\/div><\/div><div class=\"clients-item swiper-slide\"><div class=\"holder matchHeight\"><div class=\"table\"><div class=\"table-cell\"><div class=\"pic radiantthemes-retina matchHeight\"><img loading=\"lazy\" decoding=\"async\" width=\"247\" height=\"117\" src=\"https:\/\/centraldosscripts.com.br\/wordpress\/AGENCIAS\/COD-TT-4799\/wp-content\/uploads\/2020\/09\/logo03_Black.png\" class=\"client-cover-img wp-post-image\" alt=\"logo3\" \/><img loading=\"lazy\" decoding=\"async\" width=\"247\" height=\"117\" src=\"https:\/\/centraldosscripts.com.br\/wordpress\/AGENCIAS\/COD-TT-4799\/wp-content\/uploads\/2020\/09\/logo03-1.png\" class=\"client-alt-img\" alt=\"logo3\" \/><\/div><\/div><\/div><\/div><\/div><div class=\"clients-item swiper-slide\"><div class=\"holder matchHeight\"><div class=\"table\"><div class=\"table-cell\"><div class=\"pic radiantthemes-retina matchHeight\"><img loading=\"lazy\" decoding=\"async\" width=\"247\" height=\"117\" src=\"https:\/\/centraldosscripts.com.br\/wordpress\/AGENCIAS\/COD-TT-4799\/wp-content\/uploads\/2020\/09\/logo04_Black.png\" class=\"client-cover-img wp-post-image\" alt=\"logo2\" \/><img loading=\"lazy\" decoding=\"async\" width=\"247\" height=\"117\" src=\"https:\/\/centraldosscripts.com.br\/wordpress\/AGENCIAS\/COD-TT-4799\/wp-content\/uploads\/2020\/09\/logo04.png\" class=\"client-alt-img\" alt=\"logo2\" \/><\/div><\/div><\/div><\/div><\/div><div class=\"clients-item swiper-slide\"><div class=\"holder matchHeight\"><div class=\"table\"><div class=\"table-cell\"><div class=\"pic radiantthemes-retina matchHeight\"><img loading=\"lazy\" decoding=\"async\" width=\"247\" height=\"117\" src=\"https:\/\/centraldosscripts.com.br\/wordpress\/AGENCIAS\/COD-TT-4799\/wp-content\/uploads\/2020\/09\/logo05_Black.png\" class=\"client-cover-img wp-post-image\" alt=\"logo1\" \/><img loading=\"lazy\" decoding=\"async\" width=\"247\" height=\"117\" src=\"https:\/\/centraldosscripts.com.br\/wordpress\/AGENCIAS\/COD-TT-4799\/wp-content\/uploads\/2020\/09\/logo05.png\" class=\"client-alt-img\" alt=\"logo1\" \/><\/div><\/div><\/div><\/div><\/div><\/div><div class=\"swiper-pagination3\"><\/div><\/div>\t\t<\/div>\n\t\t\t\t<\/div>\n\t\t\t\t\t<\/div>\n\t\t<\/div>\n\t\t\t\t\t\t\t<\/div>\n\t\t<\/section>\n\t\t\t\t<section class=\"elementor-section elementor-top-section elementor-element elementor-element-45f0135 elementor-section-boxed elementor-section-height-default elementor-section-height-default\" data-id=\"45f0135\" data-element_type=\"section\">\n\t\t\t\t\t\t<div class=\"elementor-container elementor-column-gap-default\">\n\t\t\t\t\t<div class=\"elementor-column elementor-col-100 elementor-top-column elementor-element elementor-element-9436799\" data-id=\"9436799\" data-element_type=\"column\">\n\t\t\t<div class=\"elementor-widget-wrap elementor-element-populated\">\n\t\t\t\t\t\t\t\t<section class=\"elementor-section elementor-inner-section elementor-element elementor-element-f738672 elementor-section-boxed elementor-section-height-default elementor-section-height-default\" data-id=\"f738672\" data-element_type=\"section\" data-settings=\"{&quot;background_background&quot;:&quot;classic&quot;}\">\n\t\t\t\t\t\t<div class=\"elementor-container elementor-column-gap-default\">\n\t\t\t\t\t<div class=\"elementor-column elementor-col-100 elementor-inner-column elementor-element elementor-element-9742052\" data-id=\"9742052\" data-element_type=\"column\">\n\t\t\t<div class=\"elementor-widget-wrap elementor-element-populated\">\n\t\t\t\t\t\t\t\t<div class=\"elementor-element elementor-element-6059980 elementor-invisible elementor-widget elementor-widget-heading\" data-id=\"6059980\" data-element_type=\"widget\" data-settings=\"{&quot;_animation&quot;:&quot;fadeInUp&quot;,&quot;_animation_delay&quot;:200}\" data-widget_type=\"heading.default\">\n\t\t\t\t<div class=\"elementor-widget-container\">\n\t\t\t<h6 class=\"elementor-heading-title elementor-size-default\">Membro da equipe<\/h6>\t\t<\/div>\n\t\t\t\t<\/div>\n\t\t\t\t<div class=\"elementor-element elementor-element-7a1e131 elementor-invisible elementor-widget elementor-widget-heading\" data-id=\"7a1e131\" data-element_type=\"widget\" data-settings=\"{&quot;_animation&quot;:&quot;fadeInUp&quot;,&quot;_animation_delay&quot;:400}\" data-widget_type=\"heading.default\">\n\t\t\t\t<div class=\"elementor-widget-container\">\n\t\t\t<h3 class=\"elementor-heading-title elementor-size-default\"><a href=\"http:\/\/u\">A equipe que faz o nosso sucesso<\/a><\/h3>\t\t<\/div>\n\t\t\t\t<\/div>\n\t\t\t\t<div class=\"elementor-element elementor-element-58d9f14 elementor-invisible elementor-widget elementor-widget-radiant-team\" data-id=\"58d9f14\" data-element_type=\"widget\" data-settings=\"{&quot;_animation&quot;:&quot;fadeInUp&quot;,&quot;_animation_delay&quot;:600}\" data-widget_type=\"radiant-team.default\">\n\t\t\t\t<div class=\"elementor-widget-container\">\n\t\t\t\r<!-- team -->\r<div class=\"team swiper-container element-four\" data-mobile-items=\"1\" data-tab-items=\"2\" data-desktop-items=\"4\" data-spacer=\"30\"> <div class=\"swiper-wrapper\"><div class=\"rt-professionals-team swiper-slide \"><div class=\"rt-professionals\"><img decoding=\"async\" src=\"https:\/\/centraldosscripts.com.br\/wordpress\/AGENCIAS\/COD-TT-4799\/wp-content\/uploads\/2020\/09\/38.jpg\" alt=\"Rossy Miller\"> <div class=\"team-member-social-icon-group\"><div class=\"team-member-social-icon\"><a href=\"#f\" target=\"_blank\"> <span class=\"ti-facebook\"><\/span><\/a> <a href=\"#t\" target=\"_blank\"><span class=\"ti-twitter-alt\"><\/span> <\/a> <a href=\"#p\" target=\"_blank\"><span class=\"ti-pinterest\"><\/span><\/a><\/div><\/div> <div class=\"rt-professionals-info\"> <h6>Rossy Miller<\/h6> <p>HR Manager<\/p> <\/div><\/div><\/div><div class=\"rt-professionals-team swiper-slide \"><div class=\"rt-professionals\"><img decoding=\"async\" src=\"https:\/\/centraldosscripts.com.br\/wordpress\/AGENCIAS\/COD-TT-4799\/wp-content\/uploads\/2020\/09\/37.jpg\" alt=\"John William\"> <div class=\"team-member-social-icon-group\"><div class=\"team-member-social-icon\"><a href=\"#\" target=\"_blank\"> <span class=\"ti-facebook\"><\/span><\/a> <a href=\"#\" target=\"_blank\"><span class=\"ti-twitter-alt\"><\/span> <\/a> <a href=\"#\" target=\"_blank\"><span class=\"ti-pinterest\"><\/span><\/a><\/div><\/div> <div class=\"rt-professionals-info\"> <h6>John William<\/h6> <p>Product Manager<\/p> <\/div><\/div><\/div><div class=\"rt-professionals-team swiper-slide \"><div class=\"rt-professionals\"><img decoding=\"async\" src=\"https:\/\/centraldosscripts.com.br\/wordpress\/AGENCIAS\/COD-TT-4799\/wp-content\/uploads\/2020\/09\/36.jpg\" alt=\"Sofia Johnson\"> <div class=\"team-member-social-icon-group\"><div class=\"team-member-social-icon\"><a href=\"#\" target=\"_blank\"> <span class=\"ti-facebook\"><\/span><\/a> <a href=\"#\" target=\"_blank\"><span class=\"ti-twitter-alt\"><\/span> <\/a> <a href=\"#\" target=\"_blank\"><span class=\"ti-pinterest\"><\/span><\/a><\/div><\/div> <div class=\"rt-professionals-info\"> <h6>Sofia Johnson<\/h6> <p>Web Designer<\/p> <\/div><\/div><\/div><div class=\"rt-professionals-team swiper-slide \"><div class=\"rt-professionals\"><img decoding=\"async\" src=\"https:\/\/centraldosscripts.com.br\/wordpress\/AGENCIAS\/COD-TT-4799\/wp-content\/uploads\/2020\/09\/35.jpg\" alt=\"Donald Moreo\"> <div class=\"team-member-social-icon-group\"><div class=\"team-member-social-icon\"><a href=\"#\" target=\"_blank\"> <span class=\"ti-facebook\"><\/span><\/a> <a href=\"#\" target=\"_blank\"><span class=\"ti-twitter-alt\"><\/span> <\/a> <a href=\"#\" target=\"_blank\"><span class=\"ti-pinterest\"><\/span><\/a><\/div><\/div> <div class=\"rt-professionals-info\"> <h6>Donald Moreo<\/h6> <p>Marketing Manager<\/p> <\/div><\/div><\/div><\/div><\/div>\r<!-- team -->\r\t\t\t\t<\/div>\n\t\t\t\t<\/div>\n\t\t\t\t\t<\/div>\n\t\t<\/div>\n\t\t\t\t\t\t\t<\/div>\n\t\t<\/section>\n\t\t\t\t\t<\/div>\n\t\t<\/div>\n\t\t\t\t\t\t\t<\/div>\n\t\t<\/section>\n\t\t\t\t\t\t\t<\/div>\n\t\t","protected":false},"excerpt":{"rendered":"<p>Quem n\u00f3s somos Adoramos o que fazemos e adoramos ajudar os outros a ter sucesso Vivemos a Era Digital, na qual a transforma\u00e7\u00e3o \u00e9 uma constante e a tecnologia \u00e9 extremamente necess\u00e1ria. Ser refer\u00eancia em servi\u00e7os e consultoria de TI Nossa apresenta\u00e7\u00e3o Membro da equipe A equipe que faz o nosso sucesso Rossy Miller HR [&hellip;]<\/p>\n","protected":false},"author":1,"featured_media":2984,"parent":0,"menu_order":0,"comment_status":"closed","ping_status":"closed","template":"elementor_header_footer","meta":{"footnotes":""},"class_list":["post-3835","page","type-page","status-publish","has-post-thumbnail","hentry"],"acf":[],"_links":{"self":[{"href":"https:\/\/centraldosscripts.com.br\/wordpress\/AGENCIAS\/COD-TT-4799\/wp-json\/wp\/v2\/pages\/3835","targetHints":{"allow":["GET"]}}],"collection":[{"href":"https:\/\/centraldosscripts.com.br\/wordpress\/AGENCIAS\/COD-TT-4799\/wp-json\/wp\/v2\/pages"}],"about":[{"href":"https:\/\/centraldosscripts.com.br\/wordpress\/AGENCIAS\/COD-TT-4799\/wp-json\/wp\/v2\/types\/page"}],"author":[{"embeddable":true,"href":"https:\/\/centraldosscripts.com.br\/wordpress\/AGENCIAS\/COD-TT-4799\/wp-json\/wp\/v2\/users\/1"}],"replies":[{"embeddable":true,"href":"https:\/\/centraldosscripts.com.br\/wordpress\/AGENCIAS\/COD-TT-4799\/wp-json\/wp\/v2\/comments?post=3835"}],"version-history":[{"count":14,"href":"https:\/\/centraldosscripts.com.br\/wordpress\/AGENCIAS\/COD-TT-4799\/wp-json\/wp\/v2\/pages\/3835\/revisions"}],"predecessor-version":[{"id":48103,"href":"https:\/\/centraldosscripts.com.br\/wordpress\/AGENCIAS\/COD-TT-4799\/wp-json\/wp\/v2\/pages\/3835\/revisions\/48103"}],"wp:featuredmedia":[{"embeddable":true,"href":"https:\/\/centraldosscripts.com.br\/wordpress\/AGENCIAS\/COD-TT-4799\/wp-json\/wp\/v2\/media\/2984"}],"wp:attachment":[{"href":"https:\/\/centraldosscripts.com.br\/wordpress\/AGENCIAS\/COD-TT-4799\/wp-json\/wp\/v2\/media?parent=3835"}],"curies":[{"name":"wp","href":"https:\/\/api.w.org\/{rel}","templated":true}]}}